is the greatest common factor of y and 124?
4
Let f = -294 + 312. Let g = 1 - -11. Let z = g - -15. Calculate the greatest common divisor of f and z.
9
Suppose 5*y + 3*d + 355 = 80, y = 2*d - 55. Let b be 1/2 + y/(-10). What is the highest common factor of b and 42?
6
Let i = 1665 + -1153. Let h be (i/48)/(2/9). What is the greatest common factor of h and 120?
24
Let j be 14/8*80/5. Let u = 7 + j. Let n = -23 + u. What is the highest common divisor of n and 12?
12
Let k be (1596/(-10))/((-396)/(-45) + -9). What is the highest common divisor of 84 and k?
42
Let v = 46 - 48. Let i be ((v + -1)*-1)/((-4)/(-36)). Calculate the highest common divisor of 3 and i.
3
Let m(l) = -l**3 + 4*l**2 + 9*l - 6. Let p be m(6). Let a = -24 - p. Suppose -4*h + 21 - 1 = a. What is the highest common divisor of h and 35?
5
Let i(q) be the first derivative of 4*q**2 - 23*q - 25. Let x be i(4). Calculate the highest common factor of x and 117.
9
Let n = -168 - -186. Calculate the greatest common divisor of n and 6.
6
Suppose -129*f - 4*i = -132*f + 632, 3*f - i - 644 = 0. Calculate the highest common divisor of f and 24.
24
Suppose -7*f + 259 = -189. Calculate the greatest common factor of f and 2176.
64
Let l = -403 + 441. What is the greatest common factor of l and 342?
38
Let o be ((-105)/25)/(2/10). Let f = o + 35. What is the highest common factor of f and 2?
2
Let d = 11 + 52. Let j(t) = t - 11. Let q be j(12). Suppose -q = f - 8. Calculate the greatest common factor of f and d.
7
Let a be (-1)/2*8/4. Let h be 2/(15/(-21) - a). Suppose h*l - 2*l = 25. What is the highest common divisor of l and 5?
5
Let n = 19 + -18. Suppose -v = 6 - n. Let s = v + 13. Calculate the greatest common divisor of 2 and s.
2
Suppose -10*t + 6*t + 4 = 0. Let p be ((-20)/(-70))/(t/7). Suppose p*s = 6*s - 48. Calculate the greatest common divisor of 18 and s.
6
Suppose w + 2*w + 429 = 0. Let k = -125 - w. Suppose 172 - 428 = -2*g + x, -106 = -g - 5*x. What is the highest common divisor of g and k?
18
Suppose -4*k + 4*l = -36, -8*l + 5 = -13*l. What is the highest common divisor of 56 and k?
8
Suppose 2*k + 7 = 3. Let x be -3*(k - (-4)/4). Let q be 1/(724/(-242) + x). Calculate the highest common factor of q and 11.
11
Let c(o) = o**3 - 19*o**2 - 15*o + 18. Let f be c(20). Calculate the greatest common factor of f and 177.
59
Suppose 5*g + 5*n = 340, g - 5*n = -3*g + 236. What is the highest common factor of g and 8?
8
Let w(k) = -k**2 - 19*k + 16. Let j be w(-10). What is the greatest common divisor of j and 2?
2
Let s(g) = 2*g + 8. Let q be s(-6). Let r be 3/6 + (-98)/q. Suppose n + k = 0, 0*n + 2*n + 4*k + 10 = 0. What is the greatest common factor of n and r?
5
Let r = -49 + 137. Suppose 5*w + 4*t = -t + 60, 4*w - 45 = -t. Calculate the greatest common factor of r and w.
11
Suppose 0*f - 5*f = 20. Let w = 29 + f. Let b be (-50)/((-3)/3)*4. Calculate the highest common divisor of w and b.
25
Suppose -3*l = -110 - 124. Calculate the highest common factor of 130 and l.
26
Suppose 2*y + 3*d = 93, -y + 4*d + 27 = -d. What is the greatest common factor of y and 14?
14
Let m be (-90256)/(-248) - (-4)/62. Calculate the greatest common divisor of m and 28.
28
Let t(f) = f**2 - 7. Let g be t(4). Suppose -i = -3*x - 33, -5*x = 4*i - 159 + 10. Calculate the greatest common factor of g and i.
9
Let c be (4 + -9)/(2/(-4)). What is the highest common divisor of 120 and c?
10
Suppose -2*c + 42 = c. Suppose -3*n - 6 + 18 = 0. Let g(m) = -m**3 + 5*m**2 + 2*m - 3. Let h be g(n). What is the greatest common factor of c and h?
7
Suppose -h + 60 = 2*d, 5*h = -5*d - 0*d + 275. Let f(g) = 125*g**3 + 128*g - 128. Let i be f(1). What is the greatest common factor of i and h?
25
Let n be ((-8)/(-10))/((-6)/(-15)). Suppose -5*m - 3*i + 24 = 0, -3*m - 2*m + n*i = -34. What is the greatest common factor of 24 and m?
6
Let d(y) = 143*y + 129. Let b be d(11). What is the highest common factor of b and 74?
74
Suppose 0 = 4*q + 4*a - a - 1719, 3*q = 3*a + 1284. Let k(o) = o**3 + o + 39. Let h be k(0). Calculate the highest common factor of h and q.
39
Let h(i) = 10*i + 6. Let r(q) = 29*q + 17. Let f(v) = -8*h(v) + 3*r(v). Let j be f(2). Calculate the highest common divisor of 119 and j.
17
Suppose 2 + 24 = 3*y - w, -3*y - w = -28. Suppose 0 = c + 4 - 0. Let q(h) = 3*h**2 - 5*h - 5. Let j be q(c). Calculate the highest common divisor of j and y.
9
Let y be (-1)/(-1) - -3 - -42. Let j = -26 + y. Let s = -76 + 136. Calculate the highest common divisor of j and s.
20
Suppose 2*t + 6 = -40. Let p = t + 21. Let v be -4*(-9)/3 + p. What is the highest common divisor of v and 15?
5
Let r = 30 + -5. Let m = 33 - 3. Suppose i + 20 - m = 0. Calculate the highest common divisor of r and i.
5
Suppose 5*i - 5*q - 20 = 0, -8*i = -10*i - 3*q + 18. Suppose i*c = 36 - 0. Calculate the highest common divisor of 42 and c.
6
Let p(z) = -z - 4. Let t be p(-7). Suppose 4*k - t*k - 2 = 0. Suppose -3*m = -k*m - 6. What is the greatest common factor of 3 and m?
3
Suppose 4*r + 4*g = 156, 4*r = 13*g - 10*g + 149. What is the highest common divisor of r and 209?
19
Let w(p) = p**3 + p**2 + p + 1. Let i be w(-1). Let h be i - 0/1 - 14. Let c = -2 - h. What is the greatest common factor of 3 and c?
3
Let v be 3 + (1*-1)/((-16)/560). What is the greatest common factor of v and 494?
38
Suppose 0 = 2*y - 87*y + 1530. What is the highest common divisor of 711 and y?
9
Let j = -460 - -495. Suppose 4*a + c = 2*c + 25, 2*a + 3*c + 5 = 0. Suppose 2*h + 35 = a*i, h = -4*h - 25. What is the greatest common factor of j and i?
5
Let o(x) = 12*x - 54. Let m be o(10). What is the highest common divisor of m and 6?
6
Let b be 3 + 0 + 1 + -2. Let j be 4 + (56/(-32))/(b/(-184)). What is the greatest common divisor of 15 and j?
15
Suppose 4*w + 84 = 4*a, 3*a - 60 = -0*a + 2*w. Calculate the highest common factor of a and 306.
18
Let b be (4/2)/((-8)/(-784)). Let z be ((-12)/2)/(100/56 + -2). Calculate the highest common factor of b and z.
28
Suppose -4*r + 401 = -o - 17, -99 = -r + 3*o. What is the highest common divisor of r and 15?
15
Let u be ((-2)/8)/((-12)/3408). Suppose -4*q = -p - 8*q + 11, u = 5*p + 4*q. Suppose 2*z + 7 - 17 = 0. What is the greatest common divisor of p and z?
5
Let s(w) = -8*w - 4. Let a be s(-1). Let q(r) = r**3 + 2*r**2 - 4*r - 3. Let b be q(a). Calculate the highest common factor of b and 11.
11
Let j = 484 - 274. Suppose -d = -6*d + j. What is the greatest common factor of 21 and d?
21
Let u be (-10)/(5 + (-55)/10). Let k = u + 120. What is the greatest common factor of k and 28?
28
Let r(o) = -3*o - 1 + 3*o - 3*o + o. Let c be r(-4). Calculate the greatest common factor of c and 28.
7
Let n(o) = 2*o - 10. Let u be n(4). Let b be (6 + 4)*u/(-5). Let k be (b - 28)/(2/(-2)). Calculate the greatest common factor of 96 and k.
24
Let g be (-40)/(-6)*1 + 5/15. What is the highest common divisor of g and 28?
7
Suppose -1840 - 4100 = -30*i. Calculate the highest common factor of i and 48.
6
Suppose 0 = -2*j + 7 + 7. Let m = 21 - j. What is the greatest common divisor of m and 154?
14
Let v be (-4)/(-14) - (-4335)/(-105). Let d = -39 - v. Suppose -j + m + 28 = 0, d*j + 3*j = 4*m + 142. What is the greatest common factor of j and 120?
30
Let b = -85 + 134. Let n = 59 - b. Calculate the greatest common factor of 10 and n.
10
Let h = 185 - 97. Let r be ((-660)/(-5))/(-2)*(-2)/6. What is the highest common divisor of r and h?
22
Let h(r) = 2*r - 3. Let l be h(5). Suppose f + 4 - l = 0. Suppose 0 = 2*v - v + f*y - 19, -4*v + 26 = 2*y. What is the greatest common divisor of 44 and v?
4
Suppose 313*n - 329*n = -768. Calculate the highest common divisor of n and 192.
48
Suppose -72 = -3*i + 4*z, 4*i + z - 96 = 5*z. Suppose 0 = -3*w + 18 - 54. Let j = 84 - w. Calculate the highest common factor of j and i.
24
Let p = -305 - -332. Calculate the greatest common divisor of 1 and p.
1
Let m be 1/(3/3)*(-2)/(-2). Let y be ((-5)/(-15))/((-1)/(-15)). Calculate the greatest common factor of y and m.
1
Let j(z) = -z**2 - 20*z + 9. Let g be j(-9). Let u be g/(-30)*(-20)/6. Calculate the highest common factor of 48 and u.
12
Let r be ((19 - 5)*-77)/(-2). What is the greatest common divisor of r and 77?
77
Let i(h) be the second derivative of 8*h**2 + 0 - 1